{"id":10,"date":"2026-04-07T09:52:02","date_gmt":"2026-04-07T09:52:02","guid":{"rendered":"https:\/\/bajomi.se\/?page_id=10"},"modified":"2026-04-07T14:21:30","modified_gmt":"2026-04-07T14:21:30","slug":"start","status":"publish","type":"page","link":"https:\/\/bajomi.se\/","title":{"rendered":"Start"},"content":{"rendered":"\n<div class=\"wp-block-group alignfull has-accent-3-background-color has-background has-global-padding is-layout-constrained wp-container-core-group-is-layout-d89aad35 wp-block-group-is-layout-constrained\" style=\"margin-top:0;margin-bottom:0;padding-top:var(--wp--preset--spacing--50);padding-right:var(--wp--preset--spacing--50);padding-bottom:var(--wp--preset--spacing--50);padding-left:var(--wp--preset--spacing--50);background-image:url(&apos;https:\/\/bajomi.se\/wp-content\/uploads\/2026\/04\/damask-seamless-pattern-background_1217-821.jpg&apos;);background-position:50% 0;background-size:auto;\">\n<div class=\"wp-block-group alignwide has-global-padding is-layout-constrained wp-container-core-group-is-layout-19e250f3 wp-block-group-is-layout-constrained\">\n<div class=\"wp-block-columns alignwide is-layout-flex wp-container-core-columns-is-layout-d1c656ed wp-block-columns-is-layout-flex\">\n<div class=\"wp-block-column is-vertically-aligned-center has-accent-2-background-color has-background is-layout-flow wp-block-column-is-layout-flow\" style=\"border-top-left-radius:10px;border-top-right-radius:10px;border-bottom-left-radius:10px;border-bottom-right-radius:10px;flex-basis:40%\">\n<div class=\"wp-block-group has-global-padding is-layout-constrained wp-block-group-is-layout-constrained\">\n<h2 class=\"wp-block-heading has-text-align-center\" style=\"padding-top:var(--wp--preset--spacing--10);padding-bottom:var(--wp--preset--spacing--10);line-height:1.5\">Fester och m\u00f6ten 2026<\/h2>\n<\/div>\n\n\n\n<div class=\"wp-block-group has-global-padding is-layout-constrained wp-block-group-is-layout-constrained\">\n<figure class=\"wp-block-table is-style-stripes\"><table><tbody><tr><td>10 januari<\/td><td>Br\u00f6dralogens h\u00f6gtidsdag<\/td><\/tr><tr><td>21 mars<\/td><td>De Charge, Allm\u00e4n sammankomst<\/td><\/tr><tr><td>9 maj<\/td><td>V\u00e5rbal Systerlogens h\u00f6gtidsdag<\/td><\/tr><tr><td>13 juni<\/td><td>Gardenparty<\/td><\/tr><tr><td>8 augusti<\/td><td>Kr\u00e4ftfest<\/td><\/tr><tr><td>26 september<\/td><td>H\u00f6stfest<\/td><\/tr><tr><td>7 november<\/td><td>M\u00e5rten-G\u00e5sfest<\/td><\/tr><tr><td>14 november<\/td><td>III graden och allm\u00e4n sammankomst<\/td><\/tr><tr><td>28 december<\/td><td>Tjugo\u00e5ttan<\/td><\/tr><\/tbody><\/table><\/figure>\n\n\n\n<ul class=\"wp-block-list\"><\/ul>\n<\/div>\n<\/div>\n\n\n\n<div class=\"wp-block-column is-layout-flow wp-block-column-is-layout-flow\" style=\"flex-basis:50%\">\n<figure class=\"wp-block-image size-full is-style-rounded is-style-rounded--1\"><img decoding=\"async\" src=\"https:\/\/bajomi.se\/wp-content\/uploads\/2026\/04\/FesterMM_800.jpg\" alt=\"\" class=\"wp-image-31\"\/><\/figure>\n<\/div>\n<\/div>\n<\/div>\n<\/div>\n","protected":false},"excerpt":{"rendered":"<p>Fester och m\u00f6ten 2026 10 januari Br\u00f6dralogens h\u00f6gtidsdag 21 mars De Charge, Allm\u00e4n sammankomst 9 maj V\u00e5rbal Systerlogens h\u00f6gtidsdag 13 juni Gardenparty 8 augusti Kr\u00e4ftfest 26 september H\u00f6stfest 7 november M\u00e5rten-G\u00e5sfest 14 november III graden och allm\u00e4n sammankomst 28 december Tjugo\u00e5ttan<\/p>\n","protected":false},"author":1,"featured_media":0,"parent":0,"menu_order":0,"comment_status":"closed","ping_status":"closed","template":"page-no-title","meta":{"footnotes":""},"class_list":["post-10","page","type-page","status-publish","hentry"],"_links":{"self":[{"href":"https:\/\/bajomi.se\/index.php?rest_route=\/wp\/v2\/pages\/10","targetHints":{"allow":["GET"]}}],"collection":[{"href":"https:\/\/bajomi.se\/index.php?rest_route=\/wp\/v2\/pages"}],"about":[{"href":"https:\/\/bajomi.se\/index.php?rest_route=\/wp\/v2\/types\/page"}],"author":[{"embeddable":true,"href":"https:\/\/bajomi.se\/index.php?rest_route=\/wp\/v2\/users\/1"}],"replies":[{"embeddable":true,"href":"https:\/\/bajomi.se\/index.php?rest_route=%2Fwp%2Fv2%2Fcomments&post=10"}],"version-history":[{"count":5,"href":"https:\/\/bajomi.se\/index.php?rest_route=\/wp\/v2\/pages\/10\/revisions"}],"predecessor-version":[{"id":20,"href":"https:\/\/bajomi.se\/index.php?rest_route=\/wp\/v2\/pages\/10\/revisions\/20"}],"wp:attachment":[{"href":"https:\/\/bajomi.se\/index.php?rest_route=%2Fwp%2Fv2%2Fmedia&parent=10"}],"curies":[{"name":"wp","href":"https:\/\/api.w.org\/{rel}","templated":true}]}}